NOAA-Style Climate Reports
Select a Year or Month report
2024: Jan Feb Mar Apr May Jun Jul Aug Sep Oct Nov Dec
2023: Jan Feb Mar Apr May Jun Jul Aug Sep Oct Nov Dec
2022: Jan Feb Mar Apr May Jun Jul Aug Sep Oct Nov Dec
2021: Jan Feb Mar Apr May Jun Jul Aug Sep Oct Nov Dec
2020: Jan Feb Mar Apr May Jun Jul Aug Sep Oct Nov Dec
2019: Jan Feb Mar Apr May Jun Jul Aug Sep Oct Nov Dec
2018: Jan Feb Mar Apr May Jun Jul Aug Sep Oct Nov Dec
2017: Jan Feb Mar Apr May Jun Jul Aug Sep Oct Nov Dec
2016: Jan Feb Mar Apr May Jun Jul Aug Sep Oct Nov Dec
2015: Jan Feb Mar Apr May Jun Jul Aug Sep Oct Nov Dec
2024: Jan Feb Mar Apr May Jun Jul Aug Sep Oct Nov Dec
2023: Jan Feb Mar Apr May Jun Jul Aug Sep Oct Nov Dec
2022: Jan Feb Mar Apr May Jun Jul Aug Sep Oct Nov Dec
2021: Jan Feb Mar Apr May Jun Jul Aug Sep Oct Nov Dec
2020: Jan Feb Mar Apr May Jun Jul Aug Sep Oct Nov Dec
2019: Jan Feb Mar Apr May Jun Jul Aug Sep Oct Nov Dec
2018: Jan Feb Mar Apr May Jun Jul Aug Sep Oct Nov Dec
2017: Jan Feb Mar Apr May Jun Jul Aug Sep Oct Nov Dec
2016: Jan Feb Mar Apr May Jun Jul Aug Sep Oct Nov Dec
2015: Jan Feb Mar Apr May Jun Jul Aug Sep Oct Nov Dec
Report for 2024 April
Monthly Climatological Summary for Apr 2024 Name: Mid-Columbia Weather City: The Dalles State: Oregon Elevation: 486 ft Lat: N 45° 35' 25" Lon: W 121° 11' 07" Temperature (°F), Rain (in), Wind Speed (mph) Heat Cool Avg Mean Deg Deg Wind Dom Day Temp High Time Low Time Days Days Rain Speed High Time Dir ---------------------------------------------------------------------------------- 01 58.8 72.1 16:56 43.4 05:21 7.8 1.6 0.00 3.5 21.0 13:19 NW 02 62.5 79.7 16:52 47.6 07:14 5.8 3.3 0.00 3.0 24.0 18:34 NW 03 49.7 58.0 00:00 44.0 22:37 15.3 0.0 0.00 5.3 28.0 02:15 NW 04 45.5 51.4 17:09 41.6 23:47 19.5 0.0 0.13 2.7 20.0 16:47 WNW 05 46.7 53.2 16:14 39.3 01:05 18.3 0.0 0.00 5.4 29.0 13:39 WNW 06 46.7 52.1 17:09 41.3 06:28 18.3 0.0 0.00 2.9 17.0 13:05 NNW 07 47.9 57.8 16:06 37.0 06:49 17.1 0.0 0.00 3.1 24.0 13:39 NNW 08 50.5 58.3 16:22 44.5 02:08 14.5 0.0 0.00 2.8 19.0 15:32 NW 09 55.4 63.7 13:37 47.8 06:48 9.6 0.0 0.00 4.2 31.0 13:02 NW 10 53.5 66.6 16:11 39.1 06:45 11.6 0.1 0.00 1.6 12.0 13:07 NNE 11 53.1 67.6 15:56 41.8 06:13 12.0 0.1 0.00 2.2 23.0 19:29 NW 12 54.6 61.4 15:42 48.1 23:58 10.4 0.0 0.00 1.6 12.0 00:45 NNW 13 55.9 69.3 17:49 42.3 06:49 9.6 0.6 0.00 0.9 11.0 23:51 NNE 14 62.2 71.7 14:15 52.8 23:58 3.9 1.1 0.00 5.1 37.0 20:09 WNW 15 52.2 58.5 13:03 47.1 23:51 12.8 0.0 0.00 6.9 36.0 15:39 WNW 16 49.2 56.6 17:21 43.4 06:03 15.8 0.0 0.00 6.9 29.0 14:28 WNW 17 50.0 63.9 16:47 34.9 06:27 15.0 0.0 0.00 1.7 20.0 14:18 NNE 18 50.1 67.1 16:48 33.6 06:37 15.0 0.1 0.00 2.0 21.0 14:14 NE 19 51.7 67.4 17:23 36.7 06:20 13.5 0.2 0.00 2.3 21.0 15:13 NE 20 52.4 67.7 17:19 36.8 06:16 12.9 0.3 0.00 3.5 29.0 17:58 NNW 21 53.3 62.6 16:56 42.9 06:00 11.7 0.0 0.00 4.5 24.0 13:40 NW 22 52.0 67.3 17:03 37.9 06:02 13.1 0.2 0.00 2.0 18.0 15:19 NE 23 54.5 71.3 18:34 38.6 06:30 11.6 1.2 0.00 1.0 11.3 12:20 NNE 24 56.5 65.8 15:05 47.8 01:26 8.6 0.0 0.00 4.8 26.3 15:15 NW ---------------------------------------------------------------------------------- 52.7 79.7 2 33.6 18 303.7 8.8 0.13 3.3 37.0 14 NW Max >= 80.0 0 Max <= 32.0 0 Min <= 32.0 0 Min <= 0.0 0 Max Rain: 0.13 on day 4 Days of Rain: 1 (>= 0.01 in) 1 (>= 0.10 in) 0 (>= 1.00 in) Heat Base: 65.0 Cool Base: 65.0 Method: Integration